 b(i)?
17
Let i(p) be the third derivative of p**5/60 + 5*p**4/24 - p**3/6 - 146*p**2. Let b = -11 + 5. Give i(b).
5
Let q(u) = -6*u**2 + 3*u + 8. Let c(r) = -5*r**2 + 3*r + 7. Let j(s) = 5*c(s) - 4*q(s). Calculate j(4).
-1
Let h(u) = -24*u. Let q = -615 - -614. Determine h(q).
24
Let w(y) = -y**2 - 4*y + 5. Let z(h) = -10*h + 293. Let p be z(30). Calculate w(p).
-16
Let c(j) = j**3 + j**2 - 1. Suppose 4*q = -3*z - 8, 2*z + z = -5*q - 10. Let o be z/((-1 - -5) + -3). Let m be o*((-5)/2 + 2). Give c(m).
-1
Let s be 2 + 2 - (-1 + 1). Let l(t) = 0 - 18*t + 20*t - s. Calculate l(3).
2
Suppose -5*a = 4*h - 4, 7 - 11 = -a - 4*h. Let w(p) = -2*p - 6. Determine w(a).
-6
Let y(j) be the second derivative of j**5/20 + j**4/2 + j**3 - 7*j**2/2 + 2*j. Let w = -19 - -14. Calculate y(w).
-12
Suppose -3*c + 5 = -7. Suppose -5*f + 37 = -c*d - 1, 3*d - 3*f = -27. Let w(h) = -h - 2. What is w(d)?
5
Let q(k) = -15*k**2 + 39*k - 48. Let u(x) = -7*x**2 + 19*x - 23. Let i(m) = 6*q(m) - 13*u(m). Determine i(11).
-11
Suppose k + 1 - 4 = 0. Suppose s + 0*s = k. Let t(u) = 3*u**3 + 4 - 4*u**3 - s*u**2 - 5. Calculate t(-3).
-1
Let w(t) = -t + 44. Let b be w(0). Suppose -8*j = -6*j - b. Let l = j - 26. Let i(a) = a**3 + 3*a**2 - 3*a - 3. Calculate i(l).
-7
Let k(m) = -5 - 36*m + m**2 + 77*m + 1 - 30*m. Calculate k(-11).
-4
Let o(q) = -1 - 1 + 7 - 4*q + q - q**2. Let d = -197 + 192. Calculate o(d).
-5
Let z(p) = p**3 + p**2 - p - 10. Let l(w) = -w**3 - 6*w**2 - 5*w. Let y be l(-1). Determine z(y).
-10
Let u = -26 - -28. Let t(n) = u - 4 - 1 + 2 - n. Calculate t(6).
-7
Let r(a) = -a**3 + a**2 + a - 17. Let n = 46 + -46. Calculate r(n).
-17
Let p(c) be the third derivative of -c**4/8 - 2*c**3/3 - 29*c**2. Calculate p(5).
-19
Let h be ((-80)/(-28))/(1/7). Let k = -20 + h. Suppose k*i - 4*i = 0. Let u(d) = d**3 - d**2 + 4. Determine u(i).
4
Let y(r) = r**2 + 5*r + 4. Let f = 12 - 21. Let l be (9/(-6) - -1)*6. Let v = f - l. What is y(v)?
10
Suppose 2*p + 752 = 744. Let w(q) = q**3 + 3*q**2 - 6*q - 2. Calculate w(p).
6
Let o(i) be the second derivative of -1/6*i**3 - 1 - i - 1/2*i**2. Give o(0).
-1
Let o = 15 + -13. Let z(t) = -1 - 8 - t**3 - t + 10 + 5*t**o - 2. What is z(5)?
-6
Suppose 3*k + 18 + 0 = 0. Let q(m) be the second derivative of -m**4/12 - 7*m**3/6 - 4*m**2 + 1248*m. Determine q(k).
-2
Let i be 24/240 + 78/20. Let j(r) = r**3 - 2*r**2 + 3*r - 1. Give j(i).
43
Suppose -f - 7*k + 2*k = 9, -4*f - 2 = 3*k. Let j(i) = 1 + f + i - 3. Let m(u) = -49*u - 195. Let d be m(-4). What is j(d)?
0
Suppose 3*c = 18*c - 3345. Let u(i) = c - 223 - i**2 + i. What is u(-3)?
-12
Let s = 1084 - 1094. Let m(q) = q + 8. Determine m(s).
-2
Let l(a) = -a + 3 + 0 + 2. Suppose -5*p + 2*o = 24, -5*o - 10 = -2*p - 7. What is l(p)?
11
Let g(m) = m. Let v(b) = 4*b + 0 + 2 - 4*b - 4*b. Let h be v(1). Calculate g(h).
-2
Suppose 0*m - 8*m = -168. Suppose -9 = -18*y + m*y. Let t(o) be the first derivative of o**4/4 + o**3/3 - 3*o**2/2 + 3*o - 1. What is t(y)?
-6
Let d(j) = -j + 4. Let f = 13 - 10. Suppose 0 = -3*i - y + 13, -3*y = -6*i + 3*i - f. Calculate d(i).
1
Let j(f) = -f**3 + 7*f**2 + 7*f + 6. Let p be j(8). Let a(w) = -2*w - 40 + 59 - 20 - 3*w**2. Give a(p).
-9
Let z(h) = h**2 + 3*h. Let x be z(-4). Let r(y) = -4*y**3 - 3*y**2 + 2*y + 15. Let p(c) = 5*c**3 + 4*c**2 - 3*c - 16. Let q(g) = x*r(g) + 3*p(g). What is q(0)?
12
Let u(b) = b + 9. Let q(a) = 27*a. Let x be q(-2). Let d = x - -49. What is u(d)?
4
Let z be ((-8)/6)/((-34)/51). Let f(p) = 10*p + p**3 + p**z + 4*p - 1 + 3 - 15*p. Calculate f(-2).
0
Let d(g) = -4*g - 6. Let z = -624 + 619. What is d(z)?
14
Let j(f) = 3*f - 7 + 14 - 5*f. What is j(3)?
1
Let r(a) = -a**3 - a. Let c be r(-1). Let q(j) = j**2 - 4 - j + 7 - c*j**2 + 4*j. Calculate q(3).
3
Let s(i) = i**2 - 3*i - 9. Suppose -9 = 4*t - t. Let u be -6*t/6 + 2. Let z be s(u). Let b(f) = -7*f**3 + 2*f**2 - f. Give b(z).
-6
Let z = 20 + -14. Let s(r) = -1 - 55*r + 54*r + 4 + 3. What is s(z)?
0
Let q be (-24)/2 + -1 + 5. Let n(x) = -1. Let c(r) = -r**2 - 8*r + 4. Let j(h) = -h + 3. Let f be j(6). Let b(v) = f*n(v) + c(v). What is b(q)?
7
Let z(a) = -3*a + 2 - 6 + 4*a + 1. Suppose 18 = -4*o - 18. Let v be (6/o)/(2/(-15)). Give z(v).
2
Let x = 11 + -13. Let h be -12 + ((-8)/1)/x. Let o(f) = -f**3 - 7*f**2 + 9*f + 8. Calculate o(h).
0
Suppose d - 8 = 3*d. Let p(x) be the first derivative of x**2/2 + 2*x - 32. What is p(d)?
-2
Let o(r) be the third derivative of r**6/120 + r**5/10 + r**4/8 - 2*r**3/3 + 9*r**2 - r. Give o(-4).
16
Let r(j) = -j - 5. Suppose 2*l = -18*c + 13*c + 22, -3*l + 7 = c. Let q(d) = d**3 - d**2 - 2*d + 2. Let g be q(2). Suppose -c*k = 14 + g. Calculate r(k).
-1
Let p be -1 - (-12*1)/4. Suppose p*w = -2*w + 16. Let b(z) = -z - 3 - w*z**3 + 5*z + 5*z**3 - 3*z**2. Determine b(3).
9
Suppose 4*f = i - 6, -5*f + 0*f - 13 = -4*i. Let b(w) = -107*w + 104*w + i*w**3 + 3*w**2 + 3*w**2 + 3 - 3*w**3. Determine b(3).
21
Let i(w) = -w**3 + 14*w**2 - 14*w + 3. Let u(x) = -x**2 - 25*x - 71. Let y be u(-21). What is i(y)?
-10
Let b(d) = -5*d**3 + 3*d**2 - 2*d + 3. Suppose 6 = -25*c + 56. What is b(c)?
-29
Suppose 12*s - 16 = 8*s. Let n be 0*((-3)/(-2))/3. Suppose n = -s*x + 9 + 3. Let z(f) = f**2 - 2*f + 3. What is z(x)?
6
Let q(v) be the first derivative of 32 - v - 1/2*v**2. Suppose f = -5*y - 2*f - 2, 3*f = 3. Determine q(y).
0
Let h(t) = t**2 + 6*t + 0*t - 344 + 164 - t + 174. What is h(-7)?
8
Let r(z) = -3*z - 15. Let i be r(-9). Let a(l) = 34*l - 23*l - i*l + l**2 + 1. What is a(0)?
1
Let i(d) be the first derivative of -3*d**2/2 - 2*d - 61. Let g = -3 + 0. Determine i(g).
7
Let d = 27 - -169. Let t(z) = 3 - 95*z + d*z - 95*z. Determine t(-3).
-15
Let m(x) = x**2 + 8*x - 1. Let n be m(-6). Let v(b) = -15*b**2 + 35*b - 29. Let j(l) = 7*l**2 - 17*l + 14. Let t(f) = n*j(f) - 6*v(f). Determine t(10).
2
Let v be (-82)/(-10) + -8 - 52/10. Let y(u) be the third derivative of -1/8*u**4 - 2*u**2 + 0 + 7/6*u**3 + 0*u + 1/15*u**5 + 1/120*u**6. Determine y(v).
-3
Suppose -5*u = -2*u - 57. Let y = u - 45. Let k = 23 + y. Let x(r) = r**3 + 4*r**2 + 5*r + 3. Give x(k).
-3
Let z(d) = d + 8. Let f be z(-6). Let l(v) = 4*v**3 + 2 + 4*v + f*v**2 - 2*v**3 - v**3. What is l(-2)?
-6
Let k(b) = 6 - 361*b - 21 + 178*b + 179*b - 59. What is k(-18)?
-2
Let i(j) = j**2 - 14*j + 28. Suppose 120 = 93*x - 83*x. Give i(x).
4
Let q(p) = 5*p**2 - 14*p + 20. Let k(b) = -b**2 + 3*b - 4. Let d(v) = v + 15. Let s be d(-13). Let o(c) = s*q(c) + 11*k(c). Give o(4).
0
Let r(n) be the third derivative of 7*n**5/60 - n**4/24 + 3*n**2 + 7*n. Suppose -2*o - 2*o = -2*m + 14, -3*o + m - 8 = 0. Let b = o + 0. Give r(b).
8
Let p = 5 - 10. Let c(u) be the first derivative of u**4/4 + 5*u**3/3 + u**2/2 - 7*u + 1823. Calculate c(p).
-12
Let b(v) be the second derivative of v**5/20 - 7*v**4/12 - 3*v**3/2 - 2*v**2 - 85*v - 1. Calculate b(8).
-12
Let h(w) = -7*w**3 + 10*w**2 - 8*w. Let j(l) = -3*l**3 + 5*l**2 - 4*l. Let o(s) = -2*h(s) + 5*j(s). Suppose 0 = 48*p - 13*p - 129 + 24. Determine o(p).
6
Let s(u) = 3*u**3 + 3*u**2 - 4*u + 3. Let b be s(3). Let h be 22/b - 7/(-9). Let w(r) = 11*r**2 + 1. Determine w(h).
12
Let c(u) = -13 - 1 + 2*u + 2*u - 3*u. Determine c(11).
-3
Let i(p) = p + 2. Let n = 75 + -80. What is i(n)?
-3
Let n(t) = -t**2 + 2*t - 2. Let f be 1*(0 + 5)*-3. Let q be 2 - (21/f + (-4)/(-10)). Calculate n(q).
-5
Let i = 76 + -74. Let p(g) be the third derivative of g**7/2520 - g**5/120 - g**4/12 + 2*g**2. Let q(m) be the second derivative of p(m). Give q(i).
3
Suppose 21 = 5*b - s, -12 = -3*s - 0*s. Let t(v) = 115 + v - b*v - 111. Determine t(3).
-8
Let r(b) be the second derivative of -1/2*b**2 + 0 + 1/6*b**3 - 14*b. Calculate r(-6).
-7
Let b(u) = -7*u**3 + 4*u**2 - 13*u - 6. Let c(o) = -15*o**3 + 10*o**2 - 27*o - 13. Let d(s) = -13*b(s) + 6*c(s). Calculate d(-6).
30
Let m(x) = -4 + 2 - 112*x**2 - 2 - 3 - 7*x + 113*x**2. Determine m(4).
-19
Let x(p) = -4*p - p + 23 - 38 + 19. Determine x(3).
-11
Let q(g) = g - 340057 + 340013 - 7*g. What is q(-8)?
4
Let b(i) = -5*i**2 - 8*i + 3. Let a(z) = -4*z**2 - 7*z + 3. Let v(c) = -6*a(c) + 5*b(c). Let n(h) = h**2 + 4*h - 3. Let y be n(-5). Calculate v(y).
-3
Let s(p) = -9770*p - 4 + 0 + 9769*p. Give s(10).
-14
Let l(x) = 2*x**3 + 13*x**2 - 5*x - 13. Let d(a) = a**3 + 6*a